*q. What is the units digit of a(b)?
7
Suppose 36*r - 27564 = 24*r. What is the thousands digit of r?
2
Suppose 0 = -8*m - 2061 - 123. What is the hundreds digit of m*(-1)/2*2?
2
Suppose h - 5*v + 0 = -3, 0 = 3*v - 3. Let m be (-6)/(-3) + (h - 2). Suppose d = 5*c + 13, -d + 26 = 2*d - m*c. What is the units digit of d?
8
Let t(u) be the first derivative of -2/3*u**3 - 1/2*u**4 - 4 + 4*u + 5/2*u**2. What is the tens digit of t(-3)?
2
Let m(l) = -185*l**3 + 5*l**2 + 3*l + 4. What is the units digit of m(-2)?
8
Let h be (1956/16)/(6/48). Suppose 322 + h = 4*y. What is the tens digit of y?
2
Let t = 31 - 32. What is the tens digit of (13 + t)*44/6?
8
Suppose 4*s - 6*s = 0. What is the units digit of s - -1 - 9/(-3)?
4
Let p be 4 + 5/(20/(-8)). What is the tens digit of p + (-11)/((-44)/200)?
5
Let m(n) = -n**3 - 10*n**2 - n - 10. Let z be m(-10). Suppose z = -10*i + 12*i - 70. What is the tens digit of i?
3
Let j = 29 + -60. Let a = j - -85. What is the tens digit of a?
5
Let u(t) be the first derivative of t**5/20 - t**4/24 - t**3/3 - 4*t**2 + 11. Let c(y) be the second derivative of u(y). What is the units digit of c(2)?
8
Let f(b) = b**3 - 7*b**2 + 7*b - 1. Let h be (-165)/(-25) + 3/(-5). Let l be f(h). Suppose -l*y + 47 = -2*k, -2*k - 15 = -y - 3*k. What is the tens digit of y?
1
Let b = 71 - -4. Suppose 5 = r, -2*d - 3*d - r + b = 0. What is the tens digit of d?
1
Let m(q) be the first derivative of -q**3/3 - 5*q**2 + 9*q + 6. What is the units digit of m(-8)?
5
Let f be (-1590)/(-24) + 7 + 2/(-8). Suppose -367 = -22*v + f. What is the units digit of v?
0
Let m be (1 - -3)/(8/16). Suppose 314 = m*i - 382. What is the tens digit of i?
8
Suppose 3*k = 4*c + 182 + 978, 0 = k - 4*c - 400. What is the tens digit of k?
8
Let b be 10/(6*(-2)/(-258)). Suppose 667 = 3*l - b. What is the units digit of l?
4
Let v(k) = -6*k - 5. Let q(z) = -11*z - 9. Let w(u) = 4*q(u) - 7*v(u). Suppose -5*c + 5 = -5*n, -c + 6 + 4 = -4*n. What is the units digit of w(c)?
3
Let l = 2207 + -474. What is the units digit of l?
3
Let t(f) = f**2 - f + 34. What is the units digit of t(-13)?
6
Suppose -i - 17 + 23 = 0. Suppose 3*q - h = q + i, 3*q - h = 8. What is the units digit of q?
2
Suppose -2 = 8*c - 18. Suppose 0 = -2*a - c*d - 21 + 13, -3*d = -3*a + 18. What is the units digit of a?
1
Let x(b) = 2*b - 4 + 5*b - 1. What is the units digit of x(5)?
0
Let h(p) = -p**2 - 14*p - 24. Let o be h(-11). Let m = o + 31. What is the tens digit of m?
4
Suppose 5*m + 17 = -3, 4*m + 476 = 5*v. Suppose s + 153 = 2*q - v, 3*q = -3*s + 354. What is the units digit of q?
1
Let d(m) be the third derivative of -m**4/6 - m**3/6 + 3*m**2. Let z be d(-1). Suppose -74 = -z*h - 14. What is the tens digit of h?
2
Let t(q) = -q**3 - 6*q**2 - 2*q - 14. Let o be t(-7). Let m = o + -20. What is the units digit of m?
9
Suppose 3*h - z - 2 = z, 0 = -4*h + 4*z - 4. Suppose 0 = 4*b - 3*k - 221, -151 - 164 = -5*b - h*k. What is the units digit of b?
9
Let q be (0 + 29/2)*4. Suppose -2*x + q + 18 = 0. What is the units digit of x?
8
Suppose -3*g - 1378 = 875. Let k be (-3)/9 - g/3. Suppose -t + 6*t - k = 0. What is the tens digit of t?
5
Let x = -51 - -55. Suppose -280 = -x*v - 72. What is the units digit of v?
2
Let r = 417 + -290. Let c = -50 + r. What is the units digit of c?
7
Suppose -87*v = -33*v - 25650. What is the tens digit of v?
7
Let p = 268 + 17. What is the units digit of p?
5
What is the units digit of -7 + 10 + 165 + 4 + -2?
0
Let n(y) = 637*y**2 - 29*y + 29. What is the tens digit of n(1)?
3
Suppose 3*o - 4*o = -495. What is the hundreds digit of o?
4
Let m(d) = -d - 8. Let l be m(0). What is the units digit of l/(-28) + 418/7?
0
Let w(n) = -3*n**2 + 4*n + 1. Let m(g) = g**3 - g**2 - g + 1. Let q(r) = -m(r) - w(r). Let a be q(3). Let j = 4 - a. What is the units digit of j?
6
Let w(o) = 2*o - 12. Let p be w(8). Suppose 0*g - 9 = -2*g + 3*u, p*g + 3*u + 9 = 0. Suppose -3*q + 2*q + 16 = g. What is the tens digit of q?
1
Suppose 9*t - 4*t = -4*u - 211, 5 = t. What is the units digit of (-2 - 4) + 2 - u?
5
What is the hundreds digit of (-4920)/(-14) + 5/(140/16)?
3
Let u be -1 + -1 + -1 - (-9 + 1). Suppose u*x = 3*x + 4*o + 116, -5*o = 4*x - 245. What is the units digit of x?
0
Suppose 0 = 2*d - 4*g - 716, -716 = -16*d + 14*d + 5*g. What is the hundreds digit of d?
3
Suppose 7*k - 3250 = 3414. What is the units digit of k?
2
Suppose -152 = 5*u + a - 1717, -4*a = -2*u + 626. Suppose -u = -7*x + 303. What is the tens digit of x?
8
Let q be 21/(-27) + (-8)/36. What is the units digit of (-70)/(-15) + q/(-3)?
5
Suppose 0 = -6*o + 565 + 41. What is the tens digit of o?
0
Let z = -19 - -20. Let h be (-15)/5 - (-6 - z). Let q(d) = 11*d - 4. What is the tens digit of q(h)?
4
Suppose 57*s + 12*s = 213072. What is the tens digit of s?
8
Let h = 335 - 75. What is the hundreds digit of h?
2
Let z be (-2 + 1)/(20/(-5660)). Let j = z - 153. Suppose 2*y + 30 = j. What is the units digit of y?
0
Suppose n + 46 = 2*o + 112, 4*o = -3*n - 112. Let f = -28 - o. Suppose -5*s + t = -290, -f*s + t + 174 = 5*t. What is the units digit of s?
8
Let y be 94 + ((-5 - -2) + 0 - -1). Suppose -2*c = 4*v - y, -5*c + 178 = -4*v + v. What is the tens digit of c?
3
Let a(g) = -g**3 - 11*g**2 + 3*g - 48. What is the hundreds digit of a(-14)?
4
Suppose 3*c - 2*a - 1056 = a, -2*c + 710 = a. Suppose c = -36*x + 38*x. What is the tens digit of x?
7
Suppose -15 = -4*o - 71. Let r = 42 + o. What is the tens digit of r?
2
Let x(f) = 391*f - 2. What is the units digit of x(1)?
9
Suppose -o + 3*c - 117 = -2*o, o - 115 = -2*c. Suppose o + 101 = 4*a. What is the tens digit of a?
5
Let u = -482 + 905. What is the hundreds digit of u?
4
Suppose 0 = -2*c - c - 2*l - 6, 3*c + 5*l + 15 = 0. Let n be 0 - (1 - c) - -1. Suppose b - 4 = -n*b. What is the units digit of b?
4
Let h = 29 - 11. Let z = 23 - h. Suppose -224 = -5*p - 3*y, 2*y = z*p - y - 206. What is the units digit of p?
3
Let s = -87 + 112. What is the tens digit of ((-1540)/s + 3)*-5?
9
Let f(w) = w**2 - w + 47. Let i(v) = -v**2 + 8*v - 12. Let j be i(6). What is the units digit of f(j)?
7
Suppose 9*t + 475 = 14*t. Suppose b - 3 - t = -a, 73 = a - 4*b. What is the tens digit of a?
9
What is the units digit of (-8 + 5)*(-62)/3 + 4?
6
Let z(p) = -p + 0*p - 12 - 2*p. Let w be z(-6). Suppose -2*q + 31 = 5*o, w = -4*o - 14. What is the units digit of q?
8
Let i be 0 - (2 + 1)*-3. Suppose 6 = 5*j - i. Suppose j*q = q + 90. What is the units digit of q?
5
Let j = -104 - -553. What is the tens digit of j?
4
Suppose 0 = -4*b + 2*z + 347 + 209, 4*b - 3*z - 558 = 0. Suppose 420 - b = 3*q. What is the tens digit of q?
9
Let p be 688/6 - 2/3. Suppose -5*d + p = -s, -3*s + 23 + 53 = 4*d. What is the tens digit of d?
2
Suppose 0*c - 3*c - 33 = 2*f, 5*c = 2*f - 71. Let r be 6 + -5 - (c - -4). Let m = 35 - r. What is the tens digit of m?
2
Suppose 0 = -2*l + 2*v + 1042, -5*v = 3*l - 1053 - 534. What is the hundreds digit of l?
5
Suppose -4*a + 43 = -5*j + 12, 3*a - 21 = 3*j. Let q be (a - 8)/(4/(-34)). Let s = -1 + q. What is the tens digit of s?
3
Suppose 0*n = 2*n - 10. Let x be (-2)/18 - 10912/(-198). Suppose 44 = 4*h - 3*b, -n*h - b + x = -0*h. What is the tens digit of h?
1
Let b = 2405 - 1843. What is the units digit of b?
2
Suppose 5*w = 5 + 35. Let f = w - 14. Let g(o) = -6*o - 4. What is the tens digit of g(f)?
3
Let s(t) = 6*t**2 + 11*t + 201. What is the units digit of s(-14)?
3
Let i(u) = -2*u**3 - 5*u**2 - 5*u - 4. Suppose 3*y + 18 = 3*w, 3*y - w + 13 = -1. Let p be i(y). Suppose -4*x + p = -0*x. What is the tens digit of x?
1
Let j(a) = -a**3 + 3*a - 9. Let i be j(0). Let v = i - -86. What is the units digit of v?
7
Let i(q) = -7*q**3 - 13*q**2 - 21*q + 20. What is the tens digit of i(-8)?
4
Let d(t) = t**3 + 5*t**2 - 6*t + 3. Let l = -24 + 18. Let i be d(l). Suppose -v + 24 = -4*k + i*k, -2*k - 102 = -4*v. What is the units digit of v?
7
Let w be (-6)/(-9) + (-26)/(-6). Suppose 128 = -w*j - 4*r, -2*r = -4*j - 53 - 39. Let m = j - -52. What is the units digit of m?
8
Suppose -3*r = -2*r - 5*w - 44, -4*r = 4*w - 56. What is the tens digit of r?
1
Let w = 1833 - -322. What is the thousands digit of w?
2
Let a be -1 - 0 - (-8 - -7). Suppose -12*w + 15*w - 222 = a. What is the tens dig